{"id":48332,"date":"2025-01-23T13:02:20","date_gmt":"2025-01-23T12:02:20","guid":{"rendered":"https:\/\/ibs.org.pl\/research\/nevi-evy-neetcraft-initiative-innovations-for-empowering-youth-with-disabilities\/"},"modified":"2026-04-28T13:36:06","modified_gmt":"2026-04-28T11:36:06","slug":"nevi-evy-neetcraft-initiative-innovations-for-empowering-youth-with-disabilities","status":"publish","type":"research","link":"https:\/\/ibs.org.pl\/en\/research\/nevi-evy-neetcraft-initiative-innovations-for-empowering-youth-with-disabilities\/","title":{"rendered":"NEVI-EVY: NEETcraft Initiative: Innovations for empowering youth with disabilities"},"content":{"rendered":"\n<p>The project aims at increasing employment chances and job quality among young persons with disabilities. \nWe will achieve this goal by developing, testing, evaluating, and popularising Job Crafting, an innovative model of work with unemployed individuals.<\/p>\n\n\n\n<p>We will tailor the model to the specific needs of young people with disabilities, accounting for gender differences. European experts from various countries will co-design the model to increase mutual learning and make it more universal and possible to replicate in other contexts. We will test and evaluate the effectiveness of <a href=\"https:\/\/aktywizacja.org.pl\/uncategorized\/jobcrafting-innowacyjna-metoda-pracy-z-osobami-z-niepelnosprawnosciami\/\">Job Crafting<\/a> in Poland and Slovenia.<\/p>\n\n\n\n<p>More information about the work model with unemployed individuals is <a href=\"https:\/\/aktywizacja.org.pl\/uncategorized\/jobcrafting-innowacyjna-metoda-pracy-z-osobami-z-niepelnosprawnosciami\/\">available in Polish<\/a>. <\/p>\n\n\n\n<div style=\"height:20px\" aria-hidden=\"true\" class=\"wp-block-spacer\"><\/div>\n\n\n\n<p>You can watch video reports on the project activities \u2192 <a href=\"https:\/\/ibs.org.pl\/en\/nevi-evy-in-action\/\">here<\/a><\/p>\n\n\n\n<p class=\"has-text-align-center has-large-font-size\"><strong>   *   *   *<\/strong><\/p>\n\n\n\n<p>The European Union, Social Innovation + Initiative co-finance the project. Project no.: ESF-SI-2023-SKILLS-01-0075 -NEVI-EVY<\/p>\n\n\n\n<div class=\"wp-block-columns is-layout-flex wp-container-core-columns-is-layout-9d6595d7 wp-block-columns-is-layout-flex\">\n<div class=\"wp-block-column is-layout-flow wp-block-column-is-layout-flow\"><div class=\"wp-block-image\">\n<figure class=\"aligncenter size-large is-resized\"><img loading=\"lazy\" decoding=\"async\" width=\"1024\" height=\"446\" src=\"https:\/\/ibs.org.pl\/wp-content\/uploads\/2025\/01\/Lettering-primary-1024x446.png\" alt=\"\" class=\"wp-image-48446\" style=\"width:333px;height:auto\" srcset=\"https:\/\/ibs.org.pl\/wp-content\/uploads\/2025\/01\/Lettering-primary-1024x446.png 1024w, https:\/\/ibs.org.pl\/wp-content\/uploads\/2025\/01\/Lettering-primary-300x131.png 300w, https:\/\/ibs.org.pl\/wp-content\/uploads\/2025\/01\/Lettering-primary-768x334.png 768w, https:\/\/ibs.org.pl\/wp-content\/uploads\/2025\/01\/Lettering-primary.png 1502w\" sizes=\"auto, (max-width: 1024px) 100vw, 1024px\" \/><\/figure>\n<\/div><\/div>\n\n\n\n<div class=\"wp-block-column is-layout-flow wp-block-column-is-layout-flow\">\n<figure class=\"wp-block-image size-large\"><img loading=\"lazy\" decoding=\"async\" width=\"1024\" height=\"228\" src=\"https:\/\/ibs.org.pl\/wp-content\/uploads\/2025\/01\/cofunded-EU-1024x228.png\" alt=\"\" class=\"wp-image-48440\" srcset=\"https:\/\/ibs.org.pl\/wp-content\/uploads\/2025\/01\/cofunded-EU-1024x228.png 1024w, https:\/\/ibs.org.pl\/wp-content\/uploads\/2025\/01\/cofunded-EU-300x67.png 300w, https:\/\/ibs.org.pl\/wp-content\/uploads\/2025\/01\/cofunded-EU-768x171.png 768w, https:\/\/ibs.org.pl\/wp-content\/uploads\/2025\/01\/cofunded-EU-1536x343.png 1536w, https:\/\/ibs.org.pl\/wp-content\/uploads\/2025\/01\/cofunded-EU-2048x457.png 2048w\" sizes=\"auto, (max-width: 1024px) 100vw, 1024px\" \/><\/figure>\n<\/div>\n<\/div>\n\n\n\n<p class=\"has-small-font-size\"><em> * Co-funded by the European Union. Views and opinions expressed are, however, those of the author(s) only and do not necessarily reflect those of the European Union or the European Social Fund Agency. Neither the European Union nor the Granting Authority can be held responsible for them.<\/em><\/p>\n","protected":false},"featured_media":48458,"template":"","research_category":[137],"class_list":["post-48332","research","type-research","status-publish","has-post-thumbnail","hentry","research_category-current-project"],"acf":[],"yoast_head":"<!-- This site is optimized with the Yoast SEO plugin v27.5 - https:\/\/yoast.com\/product\/yoast-seo-wordpress\/ -->\n<title>NEVI-EVY: NEETcraft Initiative: Innovations for empowering youth with disabilities - IBS - Instytut Bada\u0144 Strukturalnych<\/title>\n<meta name=\"robots\" content=\"index, follow, max-snippet:-1, max-image-preview:large, max-video-preview:-1\" \/>\n<link rel=\"canonical\" href=\"https:\/\/ibs.org.pl\/en\/research\/nevi-evy-neetcraft-initiative-innovations-for-empowering-youth-with-disabilities\/\" \/>\n<meta property=\"og:locale\" content=\"en_US\" \/>\n<meta property=\"og:type\" content=\"article\" \/>\n<meta property=\"og:title\" content=\"NEVI-EVY: NEETcraft Initiative: Innovations for empowering youth with disabilities - IBS - Instytut Bada\u0144 Strukturalnych\" \/>\n<meta property=\"og:description\" content=\"The project aims at increasing employment chances and job quality among young persons with disabilities. We will achieve this goal by developing, [&hellip;]\" \/>\n<meta property=\"og:url\" content=\"https:\/\/ibs.org.pl\/en\/research\/nevi-evy-neetcraft-initiative-innovations-for-empowering-youth-with-disabilities\/\" \/>\n<meta property=\"og:site_name\" content=\"IBS - Instytut Bada\u0144 Strukturalnych\" \/>\n<meta property=\"article:modified_time\" content=\"2026-04-28T11:36:06+00:00\" \/>\n<meta property=\"og:image\" content=\"https:\/\/ibs.org.pl\/wp-content\/uploads\/2025\/01\/obrazek-wyrozniajacy.png\" \/>\n\t<meta property=\"og:image:width\" content=\"1000\" \/>\n\t<meta property=\"og:image:height\" content=\"950\" \/>\n\t<meta property=\"og:image:type\" content=\"image\/png\" \/>\n<meta name=\"twitter:card\" content=\"summary_large_image\" \/>\n<meta name=\"twitter:label1\" content=\"Est. reading time\" \/>\n\t<meta name=\"twitter:data1\" content=\"2 minutes\" \/>\n<script type=\"application\/ld+json\" class=\"yoast-schema-graph\">{\"@context\":\"https:\\\/\\\/schema.org\",\"@graph\":[{\"@type\":\"WebPage\",\"@id\":\"https:\\\/\\\/ibs.org.pl\\\/en\\\/research\\\/nevi-evy-neetcraft-initiative-innovations-for-empowering-youth-with-disabilities\\\/\",\"url\":\"https:\\\/\\\/ibs.org.pl\\\/en\\\/research\\\/nevi-evy-neetcraft-initiative-innovations-for-empowering-youth-with-disabilities\\\/\",\"name\":\"NEVI-EVY: NEETcraft Initiative: Innovations for empowering youth with disabilities - IBS - Instytut Bada\u0144 Strukturalnych\",\"isPartOf\":{\"@id\":\"https:\\\/\\\/ibs.org.pl\\\/en\\\/#website\"},\"primaryImageOfPage\":{\"@id\":\"https:\\\/\\\/ibs.org.pl\\\/en\\\/research\\\/nevi-evy-neetcraft-initiative-innovations-for-empowering-youth-with-disabilities\\\/#primaryimage\"},\"image\":{\"@id\":\"https:\\\/\\\/ibs.org.pl\\\/en\\\/research\\\/nevi-evy-neetcraft-initiative-innovations-for-empowering-youth-with-disabilities\\\/#primaryimage\"},\"thumbnailUrl\":\"https:\\\/\\\/ibs.org.pl\\\/wp-content\\\/uploads\\\/2025\\\/01\\\/obrazek-wyrozniajacy.png\",\"datePublished\":\"2025-01-23T12:02:20+00:00\",\"dateModified\":\"2026-04-28T11:36:06+00:00\",\"breadcrumb\":{\"@id\":\"https:\\\/\\\/ibs.org.pl\\\/en\\\/research\\\/nevi-evy-neetcraft-initiative-innovations-for-empowering-youth-with-disabilities\\\/#breadcrumb\"},\"inLanguage\":\"en-US\",\"potentialAction\":[{\"@type\":\"ReadAction\",\"target\":[\"https:\\\/\\\/ibs.org.pl\\\/en\\\/research\\\/nevi-evy-neetcraft-initiative-innovations-for-empowering-youth-with-disabilities\\\/\"]}]},{\"@type\":\"ImageObject\",\"inLanguage\":\"en-US\",\"@id\":\"https:\\\/\\\/ibs.org.pl\\\/en\\\/research\\\/nevi-evy-neetcraft-initiative-innovations-for-empowering-youth-with-disabilities\\\/#primaryimage\",\"url\":\"https:\\\/\\\/ibs.org.pl\\\/wp-content\\\/uploads\\\/2025\\\/01\\\/obrazek-wyrozniajacy.png\",\"contentUrl\":\"https:\\\/\\\/ibs.org.pl\\\/wp-content\\\/uploads\\\/2025\\\/01\\\/obrazek-wyrozniajacy.png\",\"width\":1000,\"height\":950},{\"@type\":\"BreadcrumbList\",\"@id\":\"https:\\\/\\\/ibs.org.pl\\\/en\\\/research\\\/nevi-evy-neetcraft-initiative-innovations-for-empowering-youth-with-disabilities\\\/#breadcrumb\",\"itemListElement\":[{\"@type\":\"ListItem\",\"position\":1,\"name\":\"Home\",\"item\":\"https:\\\/\\\/ibs.org.pl\\\/en\\\/\"},{\"@type\":\"ListItem\",\"position\":2,\"name\":\"NEVI-EVY: NEETcraft Initiative: Innovations for empowering youth with disabilities\"}]},{\"@type\":\"WebSite\",\"@id\":\"https:\\\/\\\/ibs.org.pl\\\/en\\\/#website\",\"url\":\"https:\\\/\\\/ibs.org.pl\\\/en\\\/\",\"name\":\"IBS - Instytut Bada\u0144 Strukturalnych\",\"description\":\"Jeste\u015bmy niezale\u017cn\u0105 fundacj\u0105 naukow\u0105. Prowadzimy badania w obszarze m.in.: rynku pracy, polityki rodzinnej, finans\u00f3w publicznych, energii i klimatu.\",\"potentialAction\":[{\"@type\":\"SearchAction\",\"target\":{\"@type\":\"EntryPoint\",\"urlTemplate\":\"https:\\\/\\\/ibs.org.pl\\\/en\\\/?s={search_term_string}\"},\"query-input\":{\"@type\":\"PropertyValueSpecification\",\"valueRequired\":true,\"valueName\":\"search_term_string\"}}],\"inLanguage\":\"en-US\"}]}<\/script>\n<!-- \/ Yoast SEO plugin. -->","yoast_head_json":{"title":"NEVI-EVY: NEETcraft Initiative: Innovations for empowering youth with disabilities - IBS - Instytut Bada\u0144 Strukturalnych","robots":{"index":"index","follow":"follow","max-snippet":"max-snippet:-1","max-image-preview":"max-image-preview:large","max-video-preview":"max-video-preview:-1"},"canonical":"https:\/\/ibs.org.pl\/en\/research\/nevi-evy-neetcraft-initiative-innovations-for-empowering-youth-with-disabilities\/","og_locale":"en_US","og_type":"article","og_title":"NEVI-EVY: NEETcraft Initiative: Innovations for empowering youth with disabilities - IBS - Instytut Bada\u0144 Strukturalnych","og_description":"The project aims at increasing employment chances and job quality among young persons with disabilities. We will achieve this goal by developing, [&hellip;]","og_url":"https:\/\/ibs.org.pl\/en\/research\/nevi-evy-neetcraft-initiative-innovations-for-empowering-youth-with-disabilities\/","og_site_name":"IBS - Instytut Bada\u0144 Strukturalnych","article_modified_time":"2026-04-28T11:36:06+00:00","og_image":[{"width":1000,"height":950,"url":"https:\/\/ibs.org.pl\/wp-content\/uploads\/2025\/01\/obrazek-wyrozniajacy.png","type":"image\/png"}],"twitter_card":"summary_large_image","twitter_misc":{"Est. reading time":"2 minutes"},"schema":{"@context":"https:\/\/schema.org","@graph":[{"@type":"WebPage","@id":"https:\/\/ibs.org.pl\/en\/research\/nevi-evy-neetcraft-initiative-innovations-for-empowering-youth-with-disabilities\/","url":"https:\/\/ibs.org.pl\/en\/research\/nevi-evy-neetcraft-initiative-innovations-for-empowering-youth-with-disabilities\/","name":"NEVI-EVY: NEETcraft Initiative: Innovations for empowering youth with disabilities - IBS - Instytut Bada\u0144 Strukturalnych","isPartOf":{"@id":"https:\/\/ibs.org.pl\/en\/#website"},"primaryImageOfPage":{"@id":"https:\/\/ibs.org.pl\/en\/research\/nevi-evy-neetcraft-initiative-innovations-for-empowering-youth-with-disabilities\/#primaryimage"},"image":{"@id":"https:\/\/ibs.org.pl\/en\/research\/nevi-evy-neetcraft-initiative-innovations-for-empowering-youth-with-disabilities\/#primaryimage"},"thumbnailUrl":"https:\/\/ibs.org.pl\/wp-content\/uploads\/2025\/01\/obrazek-wyrozniajacy.png","datePublished":"2025-01-23T12:02:20+00:00","dateModified":"2026-04-28T11:36:06+00:00","breadcrumb":{"@id":"https:\/\/ibs.org.pl\/en\/research\/nevi-evy-neetcraft-initiative-innovations-for-empowering-youth-with-disabilities\/#breadcrumb"},"inLanguage":"en-US","potentialAction":[{"@type":"ReadAction","target":["https:\/\/ibs.org.pl\/en\/research\/nevi-evy-neetcraft-initiative-innovations-for-empowering-youth-with-disabilities\/"]}]},{"@type":"ImageObject","inLanguage":"en-US","@id":"https:\/\/ibs.org.pl\/en\/research\/nevi-evy-neetcraft-initiative-innovations-for-empowering-youth-with-disabilities\/#primaryimage","url":"https:\/\/ibs.org.pl\/wp-content\/uploads\/2025\/01\/obrazek-wyrozniajacy.png","contentUrl":"https:\/\/ibs.org.pl\/wp-content\/uploads\/2025\/01\/obrazek-wyrozniajacy.png","width":1000,"height":950},{"@type":"BreadcrumbList","@id":"https:\/\/ibs.org.pl\/en\/research\/nevi-evy-neetcraft-initiative-innovations-for-empowering-youth-with-disabilities\/#breadcrumb","itemListElement":[{"@type":"ListItem","position":1,"name":"Home","item":"https:\/\/ibs.org.pl\/en\/"},{"@type":"ListItem","position":2,"name":"NEVI-EVY: NEETcraft Initiative: Innovations for empowering youth with disabilities"}]},{"@type":"WebSite","@id":"https:\/\/ibs.org.pl\/en\/#website","url":"https:\/\/ibs.org.pl\/en\/","name":"IBS - Instytut Bada\u0144 Strukturalnych","description":"Jeste\u015bmy niezale\u017cn\u0105 fundacj\u0105 naukow\u0105. Prowadzimy badania w obszarze m.in.: rynku pracy, polityki rodzinnej, finans\u00f3w publicznych, energii i klimatu.","potentialAction":[{"@type":"SearchAction","target":{"@type":"EntryPoint","urlTemplate":"https:\/\/ibs.org.pl\/en\/?s={search_term_string}"},"query-input":{"@type":"PropertyValueSpecification","valueRequired":true,"valueName":"search_term_string"}}],"inLanguage":"en-US"}]}},"_links":{"self":[{"href":"https:\/\/ibs.org.pl\/en\/wp-json\/wp\/v2\/research\/48332","targetHints":{"allow":["GET"]}}],"collection":[{"href":"https:\/\/ibs.org.pl\/en\/wp-json\/wp\/v2\/research"}],"about":[{"href":"https:\/\/ibs.org.pl\/en\/wp-json\/wp\/v2\/types\/research"}],"wp:featuredmedia":[{"embeddable":true,"href":"https:\/\/ibs.org.pl\/en\/wp-json\/wp\/v2\/media\/48458"}],"wp:attachment":[{"href":"https:\/\/ibs.org.pl\/en\/wp-json\/wp\/v2\/media?parent=48332"}],"wp:term":[{"taxonomy":"research_category","embeddable":true,"href":"https:\/\/ibs.org.pl\/en\/wp-json\/wp\/v2\/research_category?post=48332"}],"curies":[{"name":"wp","href":"https:\/\/api.w.org\/{rel}","templated":true}]}}

<!-- This site is optimized with the Yoast SEO plugin v27.5 - https://yoast.com/product/yoast-seo-wordpress/ -->
<title>NEVI-EVY: NEETcraft Initiative: Innovations for empowering youth with disabilities - IBS - Instytut Badań Strukturalnych</title>
<meta name="robots" content="index, follow, max-snippet:-1, max-image-preview:large, max-video-preview:-1" />
<link rel="canonical" href="https://ibs.org.pl/en/research/nevi-evy-neetcraft-initiative-innovations-for-empowering-youth-with-disabilities/" />
<meta property="og:locale" content="en_US" />
<meta property="og:type" content="article" />
<meta property="og:title" content="NEVI-EVY: NEETcraft Initiative: Innovations for empowering youth with disabilities - IBS - Instytut Badań Strukturalnych" />
<meta property="og:description" content="The project aims at increasing employment chances and job quality among young persons with disabilities. We will achieve this goal by developing, [&hellip;]" />
<meta property="og:url" content="https://ibs.org.pl/en/research/nevi-evy-neetcraft-initiative-innovations-for-empowering-youth-with-disabilities/" />
<meta property="og:site_name" content="IBS - Instytut Badań Strukturalnych" />
<meta property="article:modified_time" content="2026-04-28T11:36:06+00:00" />
<meta property="og:image" content="https://ibs.org.pl/wp-content/uploads/2025/01/obrazek-wyrozniajacy.png" />
	<meta property="og:image:width" content="1000" />
	<meta property="og:image:height" content="950" />
	<meta property="og:image:type" content="image/png" />
<meta name="twitter:card" content="summary_large_image" />
<meta name="twitter:label1" content="Est. reading time" />
	<meta name="twitter:data1" content="2 minutes" />
<script type="application/ld+json" class="yoast-schema-graph">{"@context":"https:\/\/schema.org","@graph":[{"@type":"WebPage","@id":"https:\/\/ibs.org.pl\/en\/research\/nevi-evy-neetcraft-initiative-innovations-for-empowering-youth-with-disabilities\/","url":"https:\/\/ibs.org.pl\/en\/research\/nevi-evy-neetcraft-initiative-innovations-for-empowering-youth-with-disabilities\/","name":"NEVI-EVY: NEETcraft Initiative: Innovations for empowering youth with disabilities - IBS - Instytut Badań Strukturalnych","isPartOf":{"@id":"https:\/\/ibs.org.pl\/en\/#website"},"primaryImageOfPage":{"@id":"https:\/\/ibs.org.pl\/en\/research\/nevi-evy-neetcraft-initiative-innovations-for-empowering-youth-with-disabilities\/#primaryimage"},"image":{"@id":"https:\/\/ibs.org.pl\/en\/research\/nevi-evy-neetcraft-initiative-innovations-for-empowering-youth-with-disabilities\/#primaryimage"},"thumbnailUrl":"https:\/\/ibs.org.pl\/wp-content\/uploads\/2025\/01\/obrazek-wyrozniajacy.png","datePublished":"2025-01-23T12:02:20+00:00","dateModified":"2026-04-28T11:36:06+00:00","breadcrumb":{"@id":"https:\/\/ibs.org.pl\/en\/research\/nevi-evy-neetcraft-initiative-innovations-for-empowering-youth-with-disabilities\/#breadcrumb"},"inLanguage":"en-US","potentialAction":[{"@type":"ReadAction","target":["https:\/\/ibs.org.pl\/en\/research\/nevi-evy-neetcraft-initiative-innovations-for-empowering-youth-with-disabilities\/"]}]},{"@type":"ImageObject","inLanguage":"en-US","@id":"https:\/\/ibs.org.pl\/en\/research\/nevi-evy-neetcraft-initiative-innovations-for-empowering-youth-with-disabilities\/#primaryimage","url":"https:\/\/ibs.org.pl\/wp-content\/uploads\/2025\/01\/obrazek-wyrozniajacy.png","contentUrl":"https:\/\/ibs.org.pl\/wp-content\/uploads\/2025\/01\/obrazek-wyrozniajacy.png","width":1000,"height":950},{"@type":"BreadcrumbList","@id":"https:\/\/ibs.org.pl\/en\/research\/nevi-evy-neetcraft-initiative-innovations-for-empowering-youth-with-disabilities\/#breadcrumb","itemListElement":[{"@type":"ListItem","position":1,"name":"Home","item":"https:\/\/ibs.org.pl\/en\/"},{"@type":"ListItem","position":2,"name":"NEVI-EVY: NEETcraft Initiative: Innovations for empowering youth with disabilities"}]},{"@type":"WebSite","@id":"https:\/\/ibs.org.pl\/en\/#website","url":"https:\/\/ibs.org.pl\/en\/","name":"IBS - Instytut Badań Strukturalnych","description":"Jesteśmy niezależną fundacją naukową. Prowadzimy badania w obszarze m.in.: rynku pracy, polityki rodzinnej, finansów publicznych, energii i klimatu.","potentialAction":[{"@type":"SearchAction","target":{"@type":"EntryPoint","urlTemplate":"https:\/\/ibs.org.pl\/en\/?s={search_term_string}"},"query-input":{"@type":"PropertyValueSpecification","valueRequired":true,"valueName":"search_term_string"}}],"inLanguage":"en-US"}]}</script>
<!-- / Yoast SEO plugin. -->

NEVI-EVY: NEETcraft Initiative: Innovations for empowering youth with disabilities - IBS - Instytut Badań Strukturalnych

IBS - Instytut Badań Strukturalnych

Jesteśmy niezależną fundacją naukową. Prowadzimy badania w obszarze m.in.: rynku pracy, polityki rodzinnej, finansów publicznych, energii i klimatu.
