{"id":48083,"date":"2025-01-20T10:14:22","date_gmt":"2025-01-20T09:14:22","guid":{"rendered":"https:\/\/ibs.org.pl\/research\/social-norms-and-preferences-for-part-time-employment-in-europe\/"},"modified":"2025-01-20T10:30:25","modified_gmt":"2025-01-20T09:30:25","slug":"social-norms-and-preferences-for-part-time-employment-in-europe","status":"publish","type":"research","link":"https:\/\/ibs.org.pl\/en\/research\/social-norms-and-preferences-for-part-time-employment-in-europe\/","title":{"rendered":"Social Norms and Preferences for Part-Time Employment in Europe"},"content":{"rendered":"\n<div style=\"height:20px\" aria-hidden=\"true\" class=\"wp-block-spacer\"><\/div>\n\n\n\n<p>The aim of this project is to determine whether household decisions regarding part-time work are influenced by prevailing work norms in a given country. Special attention will be devoted to differences between Western European and post-communist countries. The project will include three empirical studies, all conducted on a large sample of European countries.<\/p>\n\n\n\n<p>In the first study, we will examine whether part-time employment in Central and Eastern European countries resembles the patterns observed in Western European countries when they were at a similar level of economic development. We will identify differences in working time between post-communist countries and Western European countries across various demographic groups.<\/p>\n\n\n\n<p>In the second study, we will assess the importance of prevailing employment patterns for preferences for part-time work. Information on preferences will be drawn from survey data, where employees indicate their preferred number of working hours, regardless of their actual working hours. We will investigate how changes in involuntary part-time employment (e.g., caused by economic crises) affect preferences for part-time work among other individuals in the same socio-demographic group.<\/p>\n\n\n\n<p>In the third study, we will analyse the determinants of wage penalties associated with part-time work. Part-time employees often receive lower hourly wages than full-time workers. One potential explanation for this phenomenon is the stigmatization of part-time workers, who may be perceived as less committed to their jobs. To examine the significance of this effect, we will analyse whether part-time wage penalties within specific occupational groups are higher in countries where part-time work is less popular.<\/p>\n\n\n\n<div style=\"height:20px\" aria-hidden=\"true\" class=\"wp-block-spacer\"><\/div>\n\n\n\n<p class=\"has-text-align-center has-large-font-size\">   <strong>*  *  *<\/strong><\/p>\n\n\n\n<figure class=\"wp-block-image size-full is-resized\"><img loading=\"lazy\" decoding=\"async\" width=\"1140\" height=\"102\" src=\"https:\/\/ibs.org.pl\/wp-content\/uploads\/2025\/01\/Logo-NCN-EN-poziom-1140x102-1.png\" alt=\"\" class=\"wp-image-48095\" style=\"width:1080px;height:auto\" srcset=\"https:\/\/ibs.org.pl\/wp-content\/uploads\/2025\/01\/Logo-NCN-EN-poziom-1140x102-1.png 1140w, https:\/\/ibs.org.pl\/wp-content\/uploads\/2025\/01\/Logo-NCN-EN-poziom-1140x102-1-300x27.png 300w, https:\/\/ibs.org.pl\/wp-content\/uploads\/2025\/01\/Logo-NCN-EN-poziom-1140x102-1-1024x92.png 1024w, https:\/\/ibs.org.pl\/wp-content\/uploads\/2025\/01\/Logo-NCN-EN-poziom-1140x102-1-768x69.png 768w\" sizes=\"auto, (max-width: 1140px) 100vw, 1140px\" \/><\/figure>\n\n\n\n<p>This project has received funding from the National Science Centre, Poland.<br>Agreement no. UMO-2024\/53\/B\/HS4\/03007<br>Project no. 2024\/53\/B\/HS4\/03007<\/p>\n","protected":false},"featured_media":0,"template":"","research_category":[137],"class_list":["post-48083","research","type-research","status-publish","hentry","research_category-current-project"],"acf":[],"yoast_head":"<!-- This site is optimized with the Yoast SEO plugin v27.5 - https:\/\/yoast.com\/product\/yoast-seo-wordpress\/ -->\n<title>Social Norms and Preferences for Part-Time Employment in Europe - IBS - Instytut Bada\u0144 Strukturalnych<\/title>\n<meta name=\"robots\" content=\"index, follow, max-snippet:-1, max-image-preview:large, max-video-preview:-1\" \/>\n<link rel=\"canonical\" href=\"https:\/\/ibs.org.pl\/en\/research\/social-norms-and-preferences-for-part-time-employment-in-europe\/\" \/>\n<meta property=\"og:locale\" content=\"en_US\" \/>\n<meta property=\"og:type\" content=\"article\" \/>\n<meta property=\"og:title\" content=\"Social Norms and Preferences for Part-Time Employment in Europe - IBS - Instytut Bada\u0144 Strukturalnych\" \/>\n<meta property=\"og:description\" content=\"The aim of this project is to determine whether household decisions regarding part-time work are influenced by prevailing work norms in a [&hellip;]\" \/>\n<meta property=\"og:url\" content=\"https:\/\/ibs.org.pl\/en\/research\/social-norms-and-preferences-for-part-time-employment-in-europe\/\" \/>\n<meta property=\"og:site_name\" content=\"IBS - Instytut Bada\u0144 Strukturalnych\" \/>\n<meta property=\"article:modified_time\" content=\"2025-01-20T09:30:25+00:00\" \/>\n<meta property=\"og:image\" content=\"https:\/\/ibs.org.pl\/wp-content\/uploads\/2025\/01\/Logo-NCN-EN-poziom-1140x102-1.png\" \/>\n<meta name=\"twitter:card\" content=\"summary_large_image\" \/>\n<meta name=\"twitter:label1\" content=\"Est. reading time\" \/>\n\t<meta name=\"twitter:data1\" content=\"2 minutes\" \/>\n<script type=\"application\/ld+json\" class=\"yoast-schema-graph\">{\"@context\":\"https:\\\/\\\/schema.org\",\"@graph\":[{\"@type\":\"WebPage\",\"@id\":\"https:\\\/\\\/ibs.org.pl\\\/en\\\/research\\\/social-norms-and-preferences-for-part-time-employment-in-europe\\\/\",\"url\":\"https:\\\/\\\/ibs.org.pl\\\/en\\\/research\\\/social-norms-and-preferences-for-part-time-employment-in-europe\\\/\",\"name\":\"Social Norms and Preferences for Part-Time Employment in Europe - IBS - Instytut Bada\u0144 Strukturalnych\",\"isPartOf\":{\"@id\":\"https:\\\/\\\/ibs.org.pl\\\/en\\\/#website\"},\"primaryImageOfPage\":{\"@id\":\"https:\\\/\\\/ibs.org.pl\\\/en\\\/research\\\/social-norms-and-preferences-for-part-time-employment-in-europe\\\/#primaryimage\"},\"image\":{\"@id\":\"https:\\\/\\\/ibs.org.pl\\\/en\\\/research\\\/social-norms-and-preferences-for-part-time-employment-in-europe\\\/#primaryimage\"},\"thumbnailUrl\":\"https:\\\/\\\/ibs.org.pl\\\/wp-content\\\/uploads\\\/2025\\\/01\\\/Logo-NCN-EN-poziom-1140x102-1.png\",\"datePublished\":\"2025-01-20T09:14:22+00:00\",\"dateModified\":\"2025-01-20T09:30:25+00:00\",\"breadcrumb\":{\"@id\":\"https:\\\/\\\/ibs.org.pl\\\/en\\\/research\\\/social-norms-and-preferences-for-part-time-employment-in-europe\\\/#breadcrumb\"},\"inLanguage\":\"en-US\",\"potentialAction\":[{\"@type\":\"ReadAction\",\"target\":[\"https:\\\/\\\/ibs.org.pl\\\/en\\\/research\\\/social-norms-and-preferences-for-part-time-employment-in-europe\\\/\"]}]},{\"@type\":\"ImageObject\",\"inLanguage\":\"en-US\",\"@id\":\"https:\\\/\\\/ibs.org.pl\\\/en\\\/research\\\/social-norms-and-preferences-for-part-time-employment-in-europe\\\/#primaryimage\",\"url\":\"https:\\\/\\\/ibs.org.pl\\\/wp-content\\\/uploads\\\/2025\\\/01\\\/Logo-NCN-EN-poziom-1140x102-1.png\",\"contentUrl\":\"https:\\\/\\\/ibs.org.pl\\\/wp-content\\\/uploads\\\/2025\\\/01\\\/Logo-NCN-EN-poziom-1140x102-1.png\"},{\"@type\":\"BreadcrumbList\",\"@id\":\"https:\\\/\\\/ibs.org.pl\\\/en\\\/research\\\/social-norms-and-preferences-for-part-time-employment-in-europe\\\/#breadcrumb\",\"itemListElement\":[{\"@type\":\"ListItem\",\"position\":1,\"name\":\"Home\",\"item\":\"https:\\\/\\\/ibs.org.pl\\\/en\\\/\"},{\"@type\":\"ListItem\",\"position\":2,\"name\":\"Social Norms and Preferences for Part-Time Employment in Europe\"}]},{\"@type\":\"WebSite\",\"@id\":\"https:\\\/\\\/ibs.org.pl\\\/en\\\/#website\",\"url\":\"https:\\\/\\\/ibs.org.pl\\\/en\\\/\",\"name\":\"IBS - Instytut Bada\u0144 Strukturalnych\",\"description\":\"Jeste\u015bmy niezale\u017cn\u0105 fundacj\u0105 naukow\u0105. Prowadzimy badania w obszarze m.in.: rynku pracy, polityki rodzinnej, finans\u00f3w publicznych, energii i klimatu.\",\"potentialAction\":[{\"@type\":\"SearchAction\",\"target\":{\"@type\":\"EntryPoint\",\"urlTemplate\":\"https:\\\/\\\/ibs.org.pl\\\/en\\\/?s={search_term_string}\"},\"query-input\":{\"@type\":\"PropertyValueSpecification\",\"valueRequired\":true,\"valueName\":\"search_term_string\"}}],\"inLanguage\":\"en-US\"}]}<\/script>\n<!-- \/ Yoast SEO plugin. -->","yoast_head_json":{"title":"Social Norms and Preferences for Part-Time Employment in Europe - IBS - Instytut Bada\u0144 Strukturalnych","robots":{"index":"index","follow":"follow","max-snippet":"max-snippet:-1","max-image-preview":"max-image-preview:large","max-video-preview":"max-video-preview:-1"},"canonical":"https:\/\/ibs.org.pl\/en\/research\/social-norms-and-preferences-for-part-time-employment-in-europe\/","og_locale":"en_US","og_type":"article","og_title":"Social Norms and Preferences for Part-Time Employment in Europe - IBS - Instytut Bada\u0144 Strukturalnych","og_description":"The aim of this project is to determine whether household decisions regarding part-time work are influenced by prevailing work norms in a [&hellip;]","og_url":"https:\/\/ibs.org.pl\/en\/research\/social-norms-and-preferences-for-part-time-employment-in-europe\/","og_site_name":"IBS - Instytut Bada\u0144 Strukturalnych","article_modified_time":"2025-01-20T09:30:25+00:00","og_image":[{"url":"https:\/\/ibs.org.pl\/wp-content\/uploads\/2025\/01\/Logo-NCN-EN-poziom-1140x102-1.png","type":"","width":"","height":""}],"twitter_card":"summary_large_image","twitter_misc":{"Est. reading time":"2 minutes"},"schema":{"@context":"https:\/\/schema.org","@graph":[{"@type":"WebPage","@id":"https:\/\/ibs.org.pl\/en\/research\/social-norms-and-preferences-for-part-time-employment-in-europe\/","url":"https:\/\/ibs.org.pl\/en\/research\/social-norms-and-preferences-for-part-time-employment-in-europe\/","name":"Social Norms and Preferences for Part-Time Employment in Europe - IBS - Instytut Bada\u0144 Strukturalnych","isPartOf":{"@id":"https:\/\/ibs.org.pl\/en\/#website"},"primaryImageOfPage":{"@id":"https:\/\/ibs.org.pl\/en\/research\/social-norms-and-preferences-for-part-time-employment-in-europe\/#primaryimage"},"image":{"@id":"https:\/\/ibs.org.pl\/en\/research\/social-norms-and-preferences-for-part-time-employment-in-europe\/#primaryimage"},"thumbnailUrl":"https:\/\/ibs.org.pl\/wp-content\/uploads\/2025\/01\/Logo-NCN-EN-poziom-1140x102-1.png","datePublished":"2025-01-20T09:14:22+00:00","dateModified":"2025-01-20T09:30:25+00:00","breadcrumb":{"@id":"https:\/\/ibs.org.pl\/en\/research\/social-norms-and-preferences-for-part-time-employment-in-europe\/#breadcrumb"},"inLanguage":"en-US","potentialAction":[{"@type":"ReadAction","target":["https:\/\/ibs.org.pl\/en\/research\/social-norms-and-preferences-for-part-time-employment-in-europe\/"]}]},{"@type":"ImageObject","inLanguage":"en-US","@id":"https:\/\/ibs.org.pl\/en\/research\/social-norms-and-preferences-for-part-time-employment-in-europe\/#primaryimage","url":"https:\/\/ibs.org.pl\/wp-content\/uploads\/2025\/01\/Logo-NCN-EN-poziom-1140x102-1.png","contentUrl":"https:\/\/ibs.org.pl\/wp-content\/uploads\/2025\/01\/Logo-NCN-EN-poziom-1140x102-1.png"},{"@type":"BreadcrumbList","@id":"https:\/\/ibs.org.pl\/en\/research\/social-norms-and-preferences-for-part-time-employment-in-europe\/#breadcrumb","itemListElement":[{"@type":"ListItem","position":1,"name":"Home","item":"https:\/\/ibs.org.pl\/en\/"},{"@type":"ListItem","position":2,"name":"Social Norms and Preferences for Part-Time Employment in Europe"}]},{"@type":"WebSite","@id":"https:\/\/ibs.org.pl\/en\/#website","url":"https:\/\/ibs.org.pl\/en\/","name":"IBS - Instytut Bada\u0144 Strukturalnych","description":"Jeste\u015bmy niezale\u017cn\u0105 fundacj\u0105 naukow\u0105. Prowadzimy badania w obszarze m.in.: rynku pracy, polityki rodzinnej, finans\u00f3w publicznych, energii i klimatu.","potentialAction":[{"@type":"SearchAction","target":{"@type":"EntryPoint","urlTemplate":"https:\/\/ibs.org.pl\/en\/?s={search_term_string}"},"query-input":{"@type":"PropertyValueSpecification","valueRequired":true,"valueName":"search_term_string"}}],"inLanguage":"en-US"}]}},"_links":{"self":[{"href":"https:\/\/ibs.org.pl\/en\/wp-json\/wp\/v2\/research\/48083","targetHints":{"allow":["GET"]}}],"collection":[{"href":"https:\/\/ibs.org.pl\/en\/wp-json\/wp\/v2\/research"}],"about":[{"href":"https:\/\/ibs.org.pl\/en\/wp-json\/wp\/v2\/types\/research"}],"wp:attachment":[{"href":"https:\/\/ibs.org.pl\/en\/wp-json\/wp\/v2\/media?parent=48083"}],"wp:term":[{"taxonomy":"research_category","embeddable":true,"href":"https:\/\/ibs.org.pl\/en\/wp-json\/wp\/v2\/research_category?post=48083"}],"curies":[{"name":"wp","href":"https:\/\/api.w.org\/{rel}","templated":true}]}}

<!-- This site is optimized with the Yoast SEO plugin v27.5 - https://yoast.com/product/yoast-seo-wordpress/ -->
<title>Social Norms and Preferences for Part-Time Employment in Europe - IBS - Instytut Badań Strukturalnych</title>
<meta name="robots" content="index, follow, max-snippet:-1, max-image-preview:large, max-video-preview:-1" />
<link rel="canonical" href="https://ibs.org.pl/en/research/social-norms-and-preferences-for-part-time-employment-in-europe/" />
<meta property="og:locale" content="en_US" />
<meta property="og:type" content="article" />
<meta property="og:title" content="Social Norms and Preferences for Part-Time Employment in Europe - IBS - Instytut Badań Strukturalnych" />
<meta property="og:description" content="The aim of this project is to determine whether household decisions regarding part-time work are influenced by prevailing work norms in a [&hellip;]" />
<meta property="og:url" content="https://ibs.org.pl/en/research/social-norms-and-preferences-for-part-time-employment-in-europe/" />
<meta property="og:site_name" content="IBS - Instytut Badań Strukturalnych" />
<meta property="article:modified_time" content="2025-01-20T09:30:25+00:00" />
<meta property="og:image" content="https://ibs.org.pl/wp-content/uploads/2025/01/Logo-NCN-EN-poziom-1140x102-1.png" />
<meta name="twitter:card" content="summary_large_image" />
<meta name="twitter:label1" content="Est. reading time" />
	<meta name="twitter:data1" content="2 minutes" />
<script type="application/ld+json" class="yoast-schema-graph">{"@context":"https:\/\/schema.org","@graph":[{"@type":"WebPage","@id":"https:\/\/ibs.org.pl\/en\/research\/social-norms-and-preferences-for-part-time-employment-in-europe\/","url":"https:\/\/ibs.org.pl\/en\/research\/social-norms-and-preferences-for-part-time-employment-in-europe\/","name":"Social Norms and Preferences for Part-Time Employment in Europe - IBS - Instytut Badań Strukturalnych","isPartOf":{"@id":"https:\/\/ibs.org.pl\/en\/#website"},"primaryImageOfPage":{"@id":"https:\/\/ibs.org.pl\/en\/research\/social-norms-and-preferences-for-part-time-employment-in-europe\/#primaryimage"},"image":{"@id":"https:\/\/ibs.org.pl\/en\/research\/social-norms-and-preferences-for-part-time-employment-in-europe\/#primaryimage"},"thumbnailUrl":"https:\/\/ibs.org.pl\/wp-content\/uploads\/2025\/01\/Logo-NCN-EN-poziom-1140x102-1.png","datePublished":"2025-01-20T09:14:22+00:00","dateModified":"2025-01-20T09:30:25+00:00","breadcrumb":{"@id":"https:\/\/ibs.org.pl\/en\/research\/social-norms-and-preferences-for-part-time-employment-in-europe\/#breadcrumb"},"inLanguage":"en-US","potentialAction":[{"@type":"ReadAction","target":["https:\/\/ibs.org.pl\/en\/research\/social-norms-and-preferences-for-part-time-employment-in-europe\/"]}]},{"@type":"ImageObject","inLanguage":"en-US","@id":"https:\/\/ibs.org.pl\/en\/research\/social-norms-and-preferences-for-part-time-employment-in-europe\/#primaryimage","url":"https:\/\/ibs.org.pl\/wp-content\/uploads\/2025\/01\/Logo-NCN-EN-poziom-1140x102-1.png","contentUrl":"https:\/\/ibs.org.pl\/wp-content\/uploads\/2025\/01\/Logo-NCN-EN-poziom-1140x102-1.png"},{"@type":"BreadcrumbList","@id":"https:\/\/ibs.org.pl\/en\/research\/social-norms-and-preferences-for-part-time-employment-in-europe\/#breadcrumb","itemListElement":[{"@type":"ListItem","position":1,"name":"Home","item":"https:\/\/ibs.org.pl\/en\/"},{"@type":"ListItem","position":2,"name":"Social Norms and Preferences for Part-Time Employment in Europe"}]},{"@type":"WebSite","@id":"https:\/\/ibs.org.pl\/en\/#website","url":"https:\/\/ibs.org.pl\/en\/","name":"IBS - Instytut Badań Strukturalnych","description":"Jesteśmy niezależną fundacją naukową. Prowadzimy badania w obszarze m.in.: rynku pracy, polityki rodzinnej, finansów publicznych, energii i klimatu.","potentialAction":[{"@type":"SearchAction","target":{"@type":"EntryPoint","urlTemplate":"https:\/\/ibs.org.pl\/en\/?s={search_term_string}"},"query-input":{"@type":"PropertyValueSpecification","valueRequired":true,"valueName":"search_term_string"}}],"inLanguage":"en-US"}]}</script>
<!-- / Yoast SEO plugin. -->

Social Norms and Preferences for Part-Time Employment in Europe - IBS - Instytut Badań Strukturalnych

IBS - Instytut Badań Strukturalnych

Jesteśmy niezależną fundacją naukową. Prowadzimy badania w obszarze m.in.: rynku pracy, polityki rodzinnej, finansów publicznych, energii i klimatu.
