{"id":40914,"date":"2024-01-25T11:01:26","date_gmt":"2024-01-25T10:01:26","guid":{"rendered":"https:\/\/ibs.org.pl\/?post_type=research&#038;p=40914"},"modified":"2026-02-04T12:25:41","modified_gmt":"2026-02-04T11:25:41","slug":"gender-norms-and-the-perception-of-workers-who-use-flexible-work-arrangements","status":"publish","type":"research","link":"https:\/\/ibs.org.pl\/en\/research\/gender-norms-and-the-perception-of-workers-who-use-flexible-work-arrangements\/","title":{"rendered":"Gender norms and the perception of workers who use flexible work arrangements"},"content":{"rendered":"\n<p>This project aims to investigate whether workers who use flexible work arrangements are assessed negatively by their coworkers. Flexible work arrangements, which allow workers to decide where and when they work, are often presented as a solution that helps parents balance their professional careers and domestic duties. However, there is the other side of the coin. Workers who use flexible work arrangements may be perceived by their colleagues as less committed and less effective. It can lead to lower earnings and worse career development opportunities.<\/p>\n\n\n\n<p>Moreover, we will investigate:<\/p>\n\n\n\n<ul class=\"wp-block-list\">\n<li>whether men who use flexible work arrangements are assessed differently than women,<\/li>\n\n\n\n<li>whether the attitudes toward gender roles in the labour market can influence these assessments.<\/li>\n<\/ul>\n\n\n\n<p>We will conduct an online vignette study where participants will evaluate fictional workers using flexible work arrangements. This study can inform decision-makers about flexible work arrangements&#8217; benefits, challenges, and consequences. It is particularly important as the EU Directive on &#8220;work-life balance&#8221;, which recently came into force, emphasizes the need to promote flexible work arrangements among workers.<\/p>\n","protected":false},"featured_media":0,"template":"","research_category":[137],"class_list":["post-40914","research","type-research","status-publish","hentry","research_category-current-project"],"acf":[],"yoast_head":"<!-- This site is optimized with the Yoast SEO plugin v27.5 - https:\/\/yoast.com\/product\/yoast-seo-wordpress\/ -->\n<title>Gender norms and the perception of workers who use flexible work arrangements - IBS - Instytut Bada\u0144 Strukturalnych<\/title>\n<meta name=\"robots\" content=\"index, follow, max-snippet:-1, max-image-preview:large, max-video-preview:-1\" \/>\n<link rel=\"canonical\" href=\"https:\/\/ibs.org.pl\/en\/research\/gender-norms-and-the-perception-of-workers-who-use-flexible-work-arrangements\/\" \/>\n<meta property=\"og:locale\" content=\"en_US\" \/>\n<meta property=\"og:type\" content=\"article\" \/>\n<meta property=\"og:title\" content=\"Gender norms and the perception of workers who use flexible work arrangements - IBS - Instytut Bada\u0144 Strukturalnych\" \/>\n<meta property=\"og:description\" content=\"This project aims to investigate whether workers who use flexible work arrangements are assessed negatively by their coworkers. Flexible work arrangements, which [&hellip;]\" \/>\n<meta property=\"og:url\" content=\"https:\/\/ibs.org.pl\/en\/research\/gender-norms-and-the-perception-of-workers-who-use-flexible-work-arrangements\/\" \/>\n<meta property=\"og:site_name\" content=\"IBS - Instytut Bada\u0144 Strukturalnych\" \/>\n<meta property=\"article:modified_time\" content=\"2026-02-04T11:25:41+00:00\" \/>\n<meta name=\"twitter:card\" content=\"summary_large_image\" \/>\n<meta name=\"twitter:label1\" content=\"Est. reading time\" \/>\n\t<meta name=\"twitter:data1\" content=\"2 minutes\" \/>\n<script type=\"application\/ld+json\" class=\"yoast-schema-graph\">{\"@context\":\"https:\\\/\\\/schema.org\",\"@graph\":[{\"@type\":\"WebPage\",\"@id\":\"https:\\\/\\\/ibs.org.pl\\\/en\\\/research\\\/gender-norms-and-the-perception-of-workers-who-use-flexible-work-arrangements\\\/\",\"url\":\"https:\\\/\\\/ibs.org.pl\\\/en\\\/research\\\/gender-norms-and-the-perception-of-workers-who-use-flexible-work-arrangements\\\/\",\"name\":\"Gender norms and the perception of workers who use flexible work arrangements - IBS - Instytut Bada\u0144 Strukturalnych\",\"isPartOf\":{\"@id\":\"https:\\\/\\\/ibs.org.pl\\\/en\\\/#website\"},\"datePublished\":\"2024-01-25T10:01:26+00:00\",\"dateModified\":\"2026-02-04T11:25:41+00:00\",\"breadcrumb\":{\"@id\":\"https:\\\/\\\/ibs.org.pl\\\/en\\\/research\\\/gender-norms-and-the-perception-of-workers-who-use-flexible-work-arrangements\\\/#breadcrumb\"},\"inLanguage\":\"en-US\",\"potentialAction\":[{\"@type\":\"ReadAction\",\"target\":[\"https:\\\/\\\/ibs.org.pl\\\/en\\\/research\\\/gender-norms-and-the-perception-of-workers-who-use-flexible-work-arrangements\\\/\"]}]},{\"@type\":\"BreadcrumbList\",\"@id\":\"https:\\\/\\\/ibs.org.pl\\\/en\\\/research\\\/gender-norms-and-the-perception-of-workers-who-use-flexible-work-arrangements\\\/#breadcrumb\",\"itemListElement\":[{\"@type\":\"ListItem\",\"position\":1,\"name\":\"Home\",\"item\":\"https:\\\/\\\/ibs.org.pl\\\/en\\\/\"},{\"@type\":\"ListItem\",\"position\":2,\"name\":\"Gender norms and the perception of workers who use flexible work arrangements\"}]},{\"@type\":\"WebSite\",\"@id\":\"https:\\\/\\\/ibs.org.pl\\\/en\\\/#website\",\"url\":\"https:\\\/\\\/ibs.org.pl\\\/en\\\/\",\"name\":\"IBS - Instytut Bada\u0144 Strukturalnych\",\"description\":\"Jeste\u015bmy niezale\u017cn\u0105 fundacj\u0105 naukow\u0105. Prowadzimy badania w obszarze m.in.: rynku pracy, polityki rodzinnej, finans\u00f3w publicznych, energii i klimatu.\",\"potentialAction\":[{\"@type\":\"SearchAction\",\"target\":{\"@type\":\"EntryPoint\",\"urlTemplate\":\"https:\\\/\\\/ibs.org.pl\\\/en\\\/?s={search_term_string}\"},\"query-input\":{\"@type\":\"PropertyValueSpecification\",\"valueRequired\":true,\"valueName\":\"search_term_string\"}}],\"inLanguage\":\"en-US\"}]}<\/script>\n<!-- \/ Yoast SEO plugin. -->","yoast_head_json":{"title":"Gender norms and the perception of workers who use flexible work arrangements - IBS - Instytut Bada\u0144 Strukturalnych","robots":{"index":"index","follow":"follow","max-snippet":"max-snippet:-1","max-image-preview":"max-image-preview:large","max-video-preview":"max-video-preview:-1"},"canonical":"https:\/\/ibs.org.pl\/en\/research\/gender-norms-and-the-perception-of-workers-who-use-flexible-work-arrangements\/","og_locale":"en_US","og_type":"article","og_title":"Gender norms and the perception of workers who use flexible work arrangements - IBS - Instytut Bada\u0144 Strukturalnych","og_description":"This project aims to investigate whether workers who use flexible work arrangements are assessed negatively by their coworkers. Flexible work arrangements, which [&hellip;]","og_url":"https:\/\/ibs.org.pl\/en\/research\/gender-norms-and-the-perception-of-workers-who-use-flexible-work-arrangements\/","og_site_name":"IBS - Instytut Bada\u0144 Strukturalnych","article_modified_time":"2026-02-04T11:25:41+00:00","twitter_card":"summary_large_image","twitter_misc":{"Est. reading time":"2 minutes"},"schema":{"@context":"https:\/\/schema.org","@graph":[{"@type":"WebPage","@id":"https:\/\/ibs.org.pl\/en\/research\/gender-norms-and-the-perception-of-workers-who-use-flexible-work-arrangements\/","url":"https:\/\/ibs.org.pl\/en\/research\/gender-norms-and-the-perception-of-workers-who-use-flexible-work-arrangements\/","name":"Gender norms and the perception of workers who use flexible work arrangements - IBS - Instytut Bada\u0144 Strukturalnych","isPartOf":{"@id":"https:\/\/ibs.org.pl\/en\/#website"},"datePublished":"2024-01-25T10:01:26+00:00","dateModified":"2026-02-04T11:25:41+00:00","breadcrumb":{"@id":"https:\/\/ibs.org.pl\/en\/research\/gender-norms-and-the-perception-of-workers-who-use-flexible-work-arrangements\/#breadcrumb"},"inLanguage":"en-US","potentialAction":[{"@type":"ReadAction","target":["https:\/\/ibs.org.pl\/en\/research\/gender-norms-and-the-perception-of-workers-who-use-flexible-work-arrangements\/"]}]},{"@type":"BreadcrumbList","@id":"https:\/\/ibs.org.pl\/en\/research\/gender-norms-and-the-perception-of-workers-who-use-flexible-work-arrangements\/#breadcrumb","itemListElement":[{"@type":"ListItem","position":1,"name":"Home","item":"https:\/\/ibs.org.pl\/en\/"},{"@type":"ListItem","position":2,"name":"Gender norms and the perception of workers who use flexible work arrangements"}]},{"@type":"WebSite","@id":"https:\/\/ibs.org.pl\/en\/#website","url":"https:\/\/ibs.org.pl\/en\/","name":"IBS - Instytut Bada\u0144 Strukturalnych","description":"Jeste\u015bmy niezale\u017cn\u0105 fundacj\u0105 naukow\u0105. Prowadzimy badania w obszarze m.in.: rynku pracy, polityki rodzinnej, finans\u00f3w publicznych, energii i klimatu.","potentialAction":[{"@type":"SearchAction","target":{"@type":"EntryPoint","urlTemplate":"https:\/\/ibs.org.pl\/en\/?s={search_term_string}"},"query-input":{"@type":"PropertyValueSpecification","valueRequired":true,"valueName":"search_term_string"}}],"inLanguage":"en-US"}]}},"_links":{"self":[{"href":"https:\/\/ibs.org.pl\/en\/wp-json\/wp\/v2\/research\/40914","targetHints":{"allow":["GET"]}}],"collection":[{"href":"https:\/\/ibs.org.pl\/en\/wp-json\/wp\/v2\/research"}],"about":[{"href":"https:\/\/ibs.org.pl\/en\/wp-json\/wp\/v2\/types\/research"}],"wp:attachment":[{"href":"https:\/\/ibs.org.pl\/en\/wp-json\/wp\/v2\/media?parent=40914"}],"wp:term":[{"taxonomy":"research_category","embeddable":true,"href":"https:\/\/ibs.org.pl\/en\/wp-json\/wp\/v2\/research_category?post=40914"}],"curies":[{"name":"wp","href":"https:\/\/api.w.org\/{rel}","templated":true}]}}

<!-- This site is optimized with the Yoast SEO plugin v27.5 - https://yoast.com/product/yoast-seo-wordpress/ -->
<title>Gender norms and the perception of workers who use flexible work arrangements - IBS - Instytut Badań Strukturalnych</title>
<meta name="robots" content="index, follow, max-snippet:-1, max-image-preview:large, max-video-preview:-1" />
<link rel="canonical" href="https://ibs.org.pl/en/research/gender-norms-and-the-perception-of-workers-who-use-flexible-work-arrangements/" />
<meta property="og:locale" content="en_US" />
<meta property="og:type" content="article" />
<meta property="og:title" content="Gender norms and the perception of workers who use flexible work arrangements - IBS - Instytut Badań Strukturalnych" />
<meta property="og:description" content="This project aims to investigate whether workers who use flexible work arrangements are assessed negatively by their coworkers. Flexible work arrangements, which [&hellip;]" />
<meta property="og:url" content="https://ibs.org.pl/en/research/gender-norms-and-the-perception-of-workers-who-use-flexible-work-arrangements/" />
<meta property="og:site_name" content="IBS - Instytut Badań Strukturalnych" />
<meta property="article:modified_time" content="2026-02-04T11:25:41+00:00" />
<meta name="twitter:card" content="summary_large_image" />
<meta name="twitter:label1" content="Est. reading time" />
	<meta name="twitter:data1" content="2 minutes" />
<script type="application/ld+json" class="yoast-schema-graph">{"@context":"https:\/\/schema.org","@graph":[{"@type":"WebPage","@id":"https:\/\/ibs.org.pl\/en\/research\/gender-norms-and-the-perception-of-workers-who-use-flexible-work-arrangements\/","url":"https:\/\/ibs.org.pl\/en\/research\/gender-norms-and-the-perception-of-workers-who-use-flexible-work-arrangements\/","name":"Gender norms and the perception of workers who use flexible work arrangements - IBS - Instytut Badań Strukturalnych","isPartOf":{"@id":"https:\/\/ibs.org.pl\/en\/#website"},"datePublished":"2024-01-25T10:01:26+00:00","dateModified":"2026-02-04T11:25:41+00:00","breadcrumb":{"@id":"https:\/\/ibs.org.pl\/en\/research\/gender-norms-and-the-perception-of-workers-who-use-flexible-work-arrangements\/#breadcrumb"},"inLanguage":"en-US","potentialAction":[{"@type":"ReadAction","target":["https:\/\/ibs.org.pl\/en\/research\/gender-norms-and-the-perception-of-workers-who-use-flexible-work-arrangements\/"]}]},{"@type":"BreadcrumbList","@id":"https:\/\/ibs.org.pl\/en\/research\/gender-norms-and-the-perception-of-workers-who-use-flexible-work-arrangements\/#breadcrumb","itemListElement":[{"@type":"ListItem","position":1,"name":"Home","item":"https:\/\/ibs.org.pl\/en\/"},{"@type":"ListItem","position":2,"name":"Gender norms and the perception of workers who use flexible work arrangements"}]},{"@type":"WebSite","@id":"https:\/\/ibs.org.pl\/en\/#website","url":"https:\/\/ibs.org.pl\/en\/","name":"IBS - Instytut Badań Strukturalnych","description":"Jesteśmy niezależną fundacją naukową. Prowadzimy badania w obszarze m.in.: rynku pracy, polityki rodzinnej, finansów publicznych, energii i klimatu.","potentialAction":[{"@type":"SearchAction","target":{"@type":"EntryPoint","urlTemplate":"https:\/\/ibs.org.pl\/en\/?s={search_term_string}"},"query-input":{"@type":"PropertyValueSpecification","valueRequired":true,"valueName":"search_term_string"}}],"inLanguage":"en-US"}]}</script>
<!-- / Yoast SEO plugin. -->

Gender norms and the perception of workers who use flexible work arrangements - IBS - Instytut Badań Strukturalnych

IBS - Instytut Badań Strukturalnych

Jesteśmy niezależną fundacją naukową. Prowadzimy badania w obszarze m.in.: rynku pracy, polityki rodzinnej, finansów publicznych, energii i klimatu.
