{"id":2726,"date":"2017-11-05T12:34:00","date_gmt":"2017-11-05T11:34:00","guid":{"rendered":"https:\/\/ibs.org.pl\/research\/wlacz-sie\/"},"modified":"2025-03-03T16:00:03","modified_gmt":"2025-03-03T15:00:03","slug":"wlacz-sie","status":"publish","type":"research","link":"https:\/\/ibs.org.pl\/en\/research\/wlacz-sie\/","title":{"rendered":"W\u0142\u0105cz si\u0119 (Incorpora) \u2013 a reliable program of vocational support"},"content":{"rendered":"\n<h2 class=\"wp-block-heading\">&nbsp;<\/h2>\n\n\n\n<p>The&nbsp;<a href=\"https:\/\/obrasociallacaixa.org\/en\/pobreza-accion-social\/integracion-laboral\/incorpora-de-la-caixa\" target=\"_blank\" rel=\"noreferrer noopener\">Incorpora<\/a>&nbsp;(Spanish) programme was launched by the &#8220;la Caixa&#8221; Foundation in 2006. In Poland it has been conducted since March 2012 under the name &#8220;W\u0142\u0105cz si\u0119&#8221;. The Institute for Structural Research has acted as the co-ordinator of the programme in Poland since 2016.<\/p>\n\n\n\n<h6 class=\"wp-block-heading\">&nbsp;<\/h6>\n\n\n\n<p>The programme aims at helping people who are at risk of marginalisation or social exclusion by assisting them in finding employment. It is based on a cooperation between socially engaged companies (employers) and NGOs which work with particular groups at risk, in particular disabled people, victims of domestic violence, ex-prisoners, homeless people and young people experiencing socio-economic problems.<\/p>\n\n\n\n<h6 class=\"wp-block-heading\">&nbsp;<\/h6>\n\n\n\n<p>The programme follows a proven mechanism of vocational support and labour market activiation. A company that wants to employ a disadvantaged person is supported by a career counselor. In addition to many economic benefits, such as acquiring employees who are long-term workers, motivated and open to new challenges, employers\u2019 participation in the programme also raises the profile of participating firms as socially responsible companies.<\/p>\n\n\n\n<h6 class=\"wp-block-heading\">&nbsp;<\/h6>\n\n\n\n<p>More than 1000 people participate in the programme in Poland each year since 2012. 40% of the beneficiaries gain employment after the programme.<\/p>\n\n\n\n<figure class=\"wp-block-image size-large\"><img loading=\"lazy\" decoding=\"async\" width=\"1024\" height=\"322\" src=\"https:\/\/ibs.org.pl\/wp-content\/uploads\/2022\/12\/LOGO-Wlacz-sie-1024x322.jpg\" alt=\"\" class=\"wp-image-18428\" srcset=\"https:\/\/ibs.org.pl\/wp-content\/uploads\/2022\/12\/LOGO-Wlacz-sie-1024x322.jpg 1024w, https:\/\/ibs.org.pl\/wp-content\/uploads\/2022\/12\/LOGO-Wlacz-sie-300x94.jpg 300w, https:\/\/ibs.org.pl\/wp-content\/uploads\/2022\/12\/LOGO-Wlacz-sie-768x242.jpg 768w, https:\/\/ibs.org.pl\/wp-content\/uploads\/2022\/12\/LOGO-Wlacz-sie-1536x483.jpg 1536w, https:\/\/ibs.org.pl\/wp-content\/uploads\/2022\/12\/LOGO-Wlacz-sie-2048x644.jpg 2048w\" sizes=\"auto, (max-width: 1024px) 100vw, 1024px\" \/><\/figure>\n","protected":false},"featured_media":0,"template":"","research_category":[140],"class_list":["post-2726","research","type-research","status-publish","hentry","research_category-archive-project"],"acf":[],"yoast_head":"<!-- This site is optimized with the Yoast SEO plugin v27.3 - https:\/\/yoast.com\/product\/yoast-seo-wordpress\/ -->\n<title>W\u0142\u0105cz si\u0119 (Incorpora) \u2013 a reliable program of vocational support - IBS - Instytut Bada\u0144 Strukturalnych<\/title>\n<meta name=\"robots\" content=\"index, follow, max-snippet:-1, max-image-preview:large, max-video-preview:-1\" \/>\n<link rel=\"canonical\" href=\"https:\/\/ibs.org.pl\/en\/research\/wlacz-sie\/\" \/>\n<meta property=\"og:locale\" content=\"en_US\" \/>\n<meta property=\"og:type\" content=\"article\" \/>\n<meta property=\"og:title\" content=\"W\u0142\u0105cz si\u0119 (Incorpora) \u2013 a reliable program of vocational support - IBS - Instytut Bada\u0144 Strukturalnych\" \/>\n<meta property=\"og:description\" content=\"&nbsp; The&nbsp;Incorpora&nbsp;(Spanish) programme was launched by the &#8220;la Caixa&#8221; Foundation in 2006. In Poland it has been conducted since March 2012 under [&hellip;]\" \/>\n<meta property=\"og:url\" content=\"https:\/\/ibs.org.pl\/en\/research\/wlacz-sie\/\" \/>\n<meta property=\"og:site_name\" content=\"IBS - Instytut Bada\u0144 Strukturalnych\" \/>\n<meta property=\"article:modified_time\" content=\"2025-03-03T15:00:03+00:00\" \/>\n<meta property=\"og:image\" content=\"https:\/\/ibs.org.pl\/wp-content\/uploads\/2022\/12\/LOGO-Wlacz-sie-1024x322.jpg\" \/>\n<meta name=\"twitter:card\" content=\"summary_large_image\" \/>\n<meta name=\"twitter:label1\" content=\"Est. reading time\" \/>\n\t<meta name=\"twitter:data1\" content=\"2 minutes\" \/>\n<script type=\"application\/ld+json\" class=\"yoast-schema-graph\">{\"@context\":\"https:\\\/\\\/schema.org\",\"@graph\":[{\"@type\":\"WebPage\",\"@id\":\"https:\\\/\\\/ibs.org.pl\\\/en\\\/research\\\/wlacz-sie\\\/\",\"url\":\"https:\\\/\\\/ibs.org.pl\\\/en\\\/research\\\/wlacz-sie\\\/\",\"name\":\"W\u0142\u0105cz si\u0119 (Incorpora) \u2013 a reliable program of vocational support - IBS - Instytut Bada\u0144 Strukturalnych\",\"isPartOf\":{\"@id\":\"https:\\\/\\\/ibs.org.pl\\\/en\\\/#website\"},\"primaryImageOfPage\":{\"@id\":\"https:\\\/\\\/ibs.org.pl\\\/en\\\/research\\\/wlacz-sie\\\/#primaryimage\"},\"image\":{\"@id\":\"https:\\\/\\\/ibs.org.pl\\\/en\\\/research\\\/wlacz-sie\\\/#primaryimage\"},\"thumbnailUrl\":\"https:\\\/\\\/ibs.org.pl\\\/wp-content\\\/uploads\\\/2022\\\/12\\\/LOGO-Wlacz-sie-1024x322.jpg\",\"datePublished\":\"2017-11-05T11:34:00+00:00\",\"dateModified\":\"2025-03-03T15:00:03+00:00\",\"breadcrumb\":{\"@id\":\"https:\\\/\\\/ibs.org.pl\\\/en\\\/research\\\/wlacz-sie\\\/#breadcrumb\"},\"inLanguage\":\"en-US\",\"potentialAction\":[{\"@type\":\"ReadAction\",\"target\":[\"https:\\\/\\\/ibs.org.pl\\\/en\\\/research\\\/wlacz-sie\\\/\"]}]},{\"@type\":\"ImageObject\",\"inLanguage\":\"en-US\",\"@id\":\"https:\\\/\\\/ibs.org.pl\\\/en\\\/research\\\/wlacz-sie\\\/#primaryimage\",\"url\":\"https:\\\/\\\/ibs.org.pl\\\/wp-content\\\/uploads\\\/2022\\\/12\\\/LOGO-Wlacz-sie-1024x322.jpg\",\"contentUrl\":\"https:\\\/\\\/ibs.org.pl\\\/wp-content\\\/uploads\\\/2022\\\/12\\\/LOGO-Wlacz-sie-1024x322.jpg\"},{\"@type\":\"BreadcrumbList\",\"@id\":\"https:\\\/\\\/ibs.org.pl\\\/en\\\/research\\\/wlacz-sie\\\/#breadcrumb\",\"itemListElement\":[{\"@type\":\"ListItem\",\"position\":1,\"name\":\"Home\",\"item\":\"https:\\\/\\\/ibs.org.pl\\\/en\\\/\"},{\"@type\":\"ListItem\",\"position\":2,\"name\":\"W\u0142\u0105cz si\u0119 (Incorpora) \u2013 a&nbsp;reliable program of vocational support\"}]},{\"@type\":\"WebSite\",\"@id\":\"https:\\\/\\\/ibs.org.pl\\\/en\\\/#website\",\"url\":\"https:\\\/\\\/ibs.org.pl\\\/en\\\/\",\"name\":\"IBS - Instytut Bada\u0144 Strukturalnych\",\"description\":\"Jeste\u015bmy niezale\u017cn\u0105 fundacj\u0105 naukow\u0105. Prowadzimy badania w obszarze m.in.: rynku pracy, polityki rodzinnej, finans\u00f3w publicznych, energii i klimatu.\",\"potentialAction\":[{\"@type\":\"SearchAction\",\"target\":{\"@type\":\"EntryPoint\",\"urlTemplate\":\"https:\\\/\\\/ibs.org.pl\\\/en\\\/?s={search_term_string}\"},\"query-input\":{\"@type\":\"PropertyValueSpecification\",\"valueRequired\":true,\"valueName\":\"search_term_string\"}}],\"inLanguage\":\"en-US\"}]}<\/script>\n<!-- \/ Yoast SEO plugin. -->","yoast_head_json":{"title":"W\u0142\u0105cz si\u0119 (Incorpora) \u2013 a reliable program of vocational support - IBS - Instytut Bada\u0144 Strukturalnych","robots":{"index":"index","follow":"follow","max-snippet":"max-snippet:-1","max-image-preview":"max-image-preview:large","max-video-preview":"max-video-preview:-1"},"canonical":"https:\/\/ibs.org.pl\/en\/research\/wlacz-sie\/","og_locale":"en_US","og_type":"article","og_title":"W\u0142\u0105cz si\u0119 (Incorpora) \u2013 a reliable program of vocational support - IBS - Instytut Bada\u0144 Strukturalnych","og_description":"&nbsp; The&nbsp;Incorpora&nbsp;(Spanish) programme was launched by the &#8220;la Caixa&#8221; Foundation in 2006. In Poland it has been conducted since March 2012 under [&hellip;]","og_url":"https:\/\/ibs.org.pl\/en\/research\/wlacz-sie\/","og_site_name":"IBS - Instytut Bada\u0144 Strukturalnych","article_modified_time":"2025-03-03T15:00:03+00:00","og_image":[{"url":"https:\/\/ibs.org.pl\/wp-content\/uploads\/2022\/12\/LOGO-Wlacz-sie-1024x322.jpg","type":"","width":"","height":""}],"twitter_card":"summary_large_image","twitter_misc":{"Est. reading time":"2 minutes"},"schema":{"@context":"https:\/\/schema.org","@graph":[{"@type":"WebPage","@id":"https:\/\/ibs.org.pl\/en\/research\/wlacz-sie\/","url":"https:\/\/ibs.org.pl\/en\/research\/wlacz-sie\/","name":"W\u0142\u0105cz si\u0119 (Incorpora) \u2013 a reliable program of vocational support - IBS - Instytut Bada\u0144 Strukturalnych","isPartOf":{"@id":"https:\/\/ibs.org.pl\/en\/#website"},"primaryImageOfPage":{"@id":"https:\/\/ibs.org.pl\/en\/research\/wlacz-sie\/#primaryimage"},"image":{"@id":"https:\/\/ibs.org.pl\/en\/research\/wlacz-sie\/#primaryimage"},"thumbnailUrl":"https:\/\/ibs.org.pl\/wp-content\/uploads\/2022\/12\/LOGO-Wlacz-sie-1024x322.jpg","datePublished":"2017-11-05T11:34:00+00:00","dateModified":"2025-03-03T15:00:03+00:00","breadcrumb":{"@id":"https:\/\/ibs.org.pl\/en\/research\/wlacz-sie\/#breadcrumb"},"inLanguage":"en-US","potentialAction":[{"@type":"ReadAction","target":["https:\/\/ibs.org.pl\/en\/research\/wlacz-sie\/"]}]},{"@type":"ImageObject","inLanguage":"en-US","@id":"https:\/\/ibs.org.pl\/en\/research\/wlacz-sie\/#primaryimage","url":"https:\/\/ibs.org.pl\/wp-content\/uploads\/2022\/12\/LOGO-Wlacz-sie-1024x322.jpg","contentUrl":"https:\/\/ibs.org.pl\/wp-content\/uploads\/2022\/12\/LOGO-Wlacz-sie-1024x322.jpg"},{"@type":"BreadcrumbList","@id":"https:\/\/ibs.org.pl\/en\/research\/wlacz-sie\/#breadcrumb","itemListElement":[{"@type":"ListItem","position":1,"name":"Home","item":"https:\/\/ibs.org.pl\/en\/"},{"@type":"ListItem","position":2,"name":"W\u0142\u0105cz si\u0119 (Incorpora) \u2013 a&nbsp;reliable program of vocational support"}]},{"@type":"WebSite","@id":"https:\/\/ibs.org.pl\/en\/#website","url":"https:\/\/ibs.org.pl\/en\/","name":"IBS - Instytut Bada\u0144 Strukturalnych","description":"Jeste\u015bmy niezale\u017cn\u0105 fundacj\u0105 naukow\u0105. Prowadzimy badania w obszarze m.in.: rynku pracy, polityki rodzinnej, finans\u00f3w publicznych, energii i klimatu.","potentialAction":[{"@type":"SearchAction","target":{"@type":"EntryPoint","urlTemplate":"https:\/\/ibs.org.pl\/en\/?s={search_term_string}"},"query-input":{"@type":"PropertyValueSpecification","valueRequired":true,"valueName":"search_term_string"}}],"inLanguage":"en-US"}]}},"_links":{"self":[{"href":"https:\/\/ibs.org.pl\/en\/wp-json\/wp\/v2\/research\/2726","targetHints":{"allow":["GET"]}}],"collection":[{"href":"https:\/\/ibs.org.pl\/en\/wp-json\/wp\/v2\/research"}],"about":[{"href":"https:\/\/ibs.org.pl\/en\/wp-json\/wp\/v2\/types\/research"}],"wp:attachment":[{"href":"https:\/\/ibs.org.pl\/en\/wp-json\/wp\/v2\/media?parent=2726"}],"wp:term":[{"taxonomy":"research_category","embeddable":true,"href":"https:\/\/ibs.org.pl\/en\/wp-json\/wp\/v2\/research_category?post=2726"}],"curies":[{"name":"wp","href":"https:\/\/api.w.org\/{rel}","templated":true}]}}

Włącz się (Incorpora) – a reliable program of vocational support

<h2 class="wp-block-heading">&nbsp;</h2>



<p>The&nbsp;<a href="https://obrasociallacaixa.org/en/pobreza-accion-social/integracion-laboral/incorpora-de-la-caixa" target="_blank" rel="noreferrer noopener">Incorpora</a>&nbsp;(Spanish) programme was launched by the &#8220;la Caixa&#8221; Foundation in 2006. In Poland it has been conducted since March 2012 under the name &#8220;Włącz się&#8221;. The Institute for Structural Research has acted as the co-ordinator of the programme in Poland since 2016.</p>



<h6 class="wp-block-heading">&nbsp;</h6>



<p>The programme aims at helping people who are at risk of marginalisation or social exclusion by assisting them in finding employment. It is based on a cooperation between socially engaged companies (employers) and NGOs which work with particular groups at risk, in particular disabled people, victims of domestic violence, ex-prisoners, homeless people and young people experiencing socio-economic problems.</p>



<h6 class="wp-block-heading">&nbsp;</h6>



<p>The programme follows a proven mechanism of vocational support and labour market activiation. A company that wants to employ a disadvantaged person is supported by a career counselor. In addition to many economic benefits, such as acquiring employees who are long-term workers, motivated and open to new challenges, employers’ participation in the programme also raises the profile of participating firms as socially responsible companies.</p>



<h6 class="wp-block-heading">&nbsp;</h6>



<p>More than 1000 people participate in the programme in Poland each year since 2012. 40% of the beneficiaries gain employment after the programme.</p>



<figure class="wp-block-image size-large"><img loading="lazy" decoding="async" width="1024" height="322" src="https://ibs.org.pl/wp-content/uploads/2022/12/LOGO-Wlacz-sie-1024x322.jpg" alt="" class="wp-image-18428" srcset="https://ibs.org.pl/wp-content/uploads/2022/12/LOGO-Wlacz-sie-1024x322.jpg 1024w, https://ibs.org.pl/wp-content/uploads/2022/12/LOGO-Wlacz-sie-300x94.jpg 300w, https://ibs.org.pl/wp-content/uploads/2022/12/LOGO-Wlacz-sie-768x242.jpg 768w, https://ibs.org.pl/wp-content/uploads/2022/12/LOGO-Wlacz-sie-1536x483.jpg 1536w, https://ibs.org.pl/wp-content/uploads/2022/12/LOGO-Wlacz-sie-2048x644.jpg 2048w" sizes="auto, (max-width: 1024px) 100vw, 1024px" /></figure>

<!-- This site is optimized with the Yoast SEO plugin v27.3 - https://yoast.com/product/yoast-seo-wordpress/ -->
<title>Włącz się (Incorpora) – a reliable program of vocational support - IBS - Instytut Badań Strukturalnych</title>
<meta name="robots" content="index, follow, max-snippet:-1, max-image-preview:large, max-video-preview:-1" />
<link rel="canonical" href="https://ibs.org.pl/en/research/wlacz-sie/" />
<meta property="og:locale" content="en_US" />
<meta property="og:type" content="article" />
<meta property="og:title" content="Włącz się (Incorpora) – a reliable program of vocational support - IBS - Instytut Badań Strukturalnych" />
<meta property="og:description" content="&nbsp; The&nbsp;Incorpora&nbsp;(Spanish) programme was launched by the &#8220;la Caixa&#8221; Foundation in 2006. In Poland it has been conducted since March 2012 under [&hellip;]" />
<meta property="og:url" content="https://ibs.org.pl/en/research/wlacz-sie/" />
<meta property="og:site_name" content="IBS - Instytut Badań Strukturalnych" />
<meta property="article:modified_time" content="2025-03-03T15:00:03+00:00" />
<meta property="og:image" content="https://ibs.org.pl/wp-content/uploads/2022/12/LOGO-Wlacz-sie-1024x322.jpg" />
<meta name="twitter:card" content="summary_large_image" />
<meta name="twitter:label1" content="Est. reading time" />
	<meta name="twitter:data1" content="2 minutes" />
<script type="application/ld+json" class="yoast-schema-graph">{"@context":"https:\/\/schema.org","@graph":[{"@type":"WebPage","@id":"https:\/\/ibs.org.pl\/en\/research\/wlacz-sie\/","url":"https:\/\/ibs.org.pl\/en\/research\/wlacz-sie\/","name":"Włącz się (Incorpora) – a reliable program of vocational support - IBS - Instytut Badań Strukturalnych","isPartOf":{"@id":"https:\/\/ibs.org.pl\/en\/#website"},"primaryImageOfPage":{"@id":"https:\/\/ibs.org.pl\/en\/research\/wlacz-sie\/#primaryimage"},"image":{"@id":"https:\/\/ibs.org.pl\/en\/research\/wlacz-sie\/#primaryimage"},"thumbnailUrl":"https:\/\/ibs.org.pl\/wp-content\/uploads\/2022\/12\/LOGO-Wlacz-sie-1024x322.jpg","datePublished":"2017-11-05T11:34:00+00:00","dateModified":"2025-03-03T15:00:03+00:00","breadcrumb":{"@id":"https:\/\/ibs.org.pl\/en\/research\/wlacz-sie\/#breadcrumb"},"inLanguage":"en-US","potentialAction":[{"@type":"ReadAction","target":["https:\/\/ibs.org.pl\/en\/research\/wlacz-sie\/"]}]},{"@type":"ImageObject","inLanguage":"en-US","@id":"https:\/\/ibs.org.pl\/en\/research\/wlacz-sie\/#primaryimage","url":"https:\/\/ibs.org.pl\/wp-content\/uploads\/2022\/12\/LOGO-Wlacz-sie-1024x322.jpg","contentUrl":"https:\/\/ibs.org.pl\/wp-content\/uploads\/2022\/12\/LOGO-Wlacz-sie-1024x322.jpg"},{"@type":"BreadcrumbList","@id":"https:\/\/ibs.org.pl\/en\/research\/wlacz-sie\/#breadcrumb","itemListElement":[{"@type":"ListItem","position":1,"name":"Home","item":"https:\/\/ibs.org.pl\/en\/"},{"@type":"ListItem","position":2,"name":"Włącz się (Incorpora) – a&nbsp;reliable program of vocational support"}]},{"@type":"WebSite","@id":"https:\/\/ibs.org.pl\/en\/#website","url":"https:\/\/ibs.org.pl\/en\/","name":"IBS - Instytut Badań Strukturalnych","description":"Jesteśmy niezależną fundacją naukową. Prowadzimy badania w obszarze m.in.: rynku pracy, polityki rodzinnej, finansów publicznych, energii i klimatu.","potentialAction":[{"@type":"SearchAction","target":{"@type":"EntryPoint","urlTemplate":"https:\/\/ibs.org.pl\/en\/?s={search_term_string}"},"query-input":{"@type":"PropertyValueSpecification","valueRequired":true,"valueName":"search_term_string"}}],"inLanguage":"en-US"}]}</script>
<!-- / Yoast SEO plugin. -->

Włącz się (Incorpora) – a reliable program of vocational support - IBS - Instytut Badań Strukturalnych

IBS - Instytut Badań Strukturalnych

Włącz się (Incorpora) – a&nbsp;reliable program of vocational support

Jesteśmy niezależną fundacją naukową. Prowadzimy badania w obszarze m.in.: rynku pracy, polityki rodzinnej, finansów publicznych, energii i klimatu.
