{"id":10532,"date":"2016-06-25T02:03:00","date_gmt":"2016-06-25T00:03:00","guid":{"rendered":"https:\/\/ibs.org.pl\/events\/wiem-2016-conference\/"},"modified":"2023-01-30T14:24:29","modified_gmt":"2023-01-30T13:24:29","slug":"wiem-2016-conference","status":"publish","type":"events","link":"https:\/\/ibs.org.pl\/en\/events\/wiem-2016-conference\/","title":{"rendered":"WIEM 2016 Conference"},"content":{"rendered":"\n<p>The aim of the meeting is the presentation of research findings from around the world. The annual WIEM conferences allow for closer cooperation among Polish scholars, as well as for networking opportunities with researchers from abroad. &nbsp; The main guests of this year\u2019s conference are&nbsp;<strong>prof. James Heckman<\/strong>&nbsp;(University of Chicago), American economist and mathematician, specialist in econometrics and labour economics and Nobel Memorial Prize in Economic Sciences laurate, as well as&nbsp;<strong>prof. Nicholas Hanley<\/strong>&nbsp;(University of St Andrews), specialist in environmental economics, and author of many academic books in this field. &nbsp;<\/p>\n\n\n\n<h5 class=\"wp-block-heading\">Nobel laureate, Prof. James Heckman, presented the research results on social mobility&#8230;<\/h5>\n\n\n\n<p>involving data from the US and Denmark. The analysis focused on the relationship between educational attainment as well as income of children (during adulthood) and the income, wealth and education of the parents. The level of educational mobility is comparable in both countries, although the income mobility is much larger in Denmark.&nbsp;This difference is mainly the result of the current tax, pension and redistribution system, as well as of the lower wage inequality in Denmark. &nbsp;<\/p>\n\n\n\n<h5 class=\"wp-block-heading\">The Institute for Structural Research will be represented<\/h5>\n\n\n\n<p>by&nbsp;<strong>Marek Antosiewicz<\/strong>,&nbsp;<strong>Wojciech Hardy<\/strong>,&nbsp;<strong>Karolina Goraus<\/strong>,&nbsp;<strong>Maciej Lis<\/strong>,&nbsp;<strong>Iga Magda<\/strong>&nbsp;and&nbsp;<strong>Jan Witajewski-Baltvilks<\/strong>:<\/p>\n\n\n\n<ul class=\"wp-block-list\">\n<li><a href=\"https:\/\/ibs.org.pl\/en\/team\/marek-antosiewicz\/\" target=\"_blank\" rel=\"noreferrer noopener\">Marek Antosiewicz<\/a>&nbsp;&#8211;&nbsp;Business cycles, working capital, and on the job search<\/li>\n\n\n\n<li><a href=\"https:\/\/ibs.org.pl\/en\/team\/wojciech-hardy\/\" target=\"_blank\" rel=\"noreferrer noopener\">Wojciech Hardy<\/a>&nbsp;&#8211;&nbsp;Technology or upskilling? Trends in the task composition of jobs in Central and Eastern Europe<\/li>\n\n\n\n<li>Karolina Goraus &#8211;&nbsp;Minimum Wage Violation in Central and Eastern Europe<\/li>\n\n\n\n<li><a href=\"https:\/\/ibs.org.pl\/en\/team\/maciej-lis\/\" target=\"_blank\" rel=\"noreferrer noopener\">Maciej Lis<\/a>&nbsp;&#8211;&nbsp;Age or Time-To-Death &#8211; What Drives Health Care Expenditures? Panel Data Evidence From the OECD Countries<\/li>\n\n\n\n<li><a href=\"https:\/\/ibs.org.pl\/en\/team\/iga-magda\/\" target=\"_blank\" rel=\"noreferrer noopener\">Iga Magda<\/a>&nbsp;&#8211;&nbsp;Do female managers help to lower within-firm gender pay gap? Public institutions vs. private enterprises<\/li>\n\n\n\n<li><a href=\"https:\/\/ibs.org.pl\/en\/team\/jan-witajewski-baltvilks\/\" target=\"_blank\" rel=\"noreferrer noopener\">Jan Witajewski-Baltvilks<\/a>&nbsp;&#8211;&nbsp;Can endogenous technology choices explain wage inequality dynamics?<\/li>\n<\/ul>\n\n\n\n<p>Detailed Sessions Program &#8211;&nbsp;<a href=\"http:\/\/coin.wne.uw.edu.pl\/wiem\/program.html\" target=\"_blank\" rel=\"noreferrer noopener\">see<\/a>&nbsp;WIEM website &#8211;&nbsp;<a href=\"http:\/\/coin.wne.uw.edu.pl\/wiem\/\" target=\"_blank\" rel=\"noreferrer noopener\">visit<\/a><\/p>\n","protected":false},"featured_media":0,"template":"","events_category":[422],"class_list":["post-10532","events","type-events","status-publish","hentry","events_category-conference"],"acf":[],"yoast_head":"<!-- This site is optimized with the Yoast SEO plugin v27.3 - https:\/\/yoast.com\/product\/yoast-seo-wordpress\/ -->\n<title>WIEM 2016 Conference - IBS - Instytut Bada\u0144 Strukturalnych<\/title>\n<meta name=\"robots\" content=\"index, follow, max-snippet:-1, max-image-preview:large, max-video-preview:-1\" \/>\n<link rel=\"canonical\" href=\"https:\/\/ibs.org.pl\/en\/events\/wiem-2016-conference\/\" \/>\n<meta property=\"og:locale\" content=\"en_US\" \/>\n<meta property=\"og:type\" content=\"article\" \/>\n<meta property=\"og:title\" content=\"WIEM 2016 Conference - IBS - Instytut Bada\u0144 Strukturalnych\" \/>\n<meta property=\"og:description\" content=\"The aim of the meeting is the presentation of research findings from around the world. The annual WIEM conferences allow for closer [&hellip;]\" \/>\n<meta property=\"og:url\" content=\"https:\/\/ibs.org.pl\/en\/events\/wiem-2016-conference\/\" \/>\n<meta property=\"og:site_name\" content=\"IBS - Instytut Bada\u0144 Strukturalnych\" \/>\n<meta property=\"article:modified_time\" content=\"2023-01-30T13:24:29+00:00\" \/>\n<meta name=\"twitter:card\" content=\"summary_large_image\" \/>\n<meta name=\"twitter:label1\" content=\"Est. reading time\" \/>\n\t<meta name=\"twitter:data1\" content=\"2 minutes\" \/>\n<script type=\"application\/ld+json\" class=\"yoast-schema-graph\">{\"@context\":\"https:\\\/\\\/schema.org\",\"@graph\":[{\"@type\":\"WebPage\",\"@id\":\"https:\\\/\\\/ibs.org.pl\\\/en\\\/events\\\/wiem-2016-conference\\\/\",\"url\":\"https:\\\/\\\/ibs.org.pl\\\/en\\\/events\\\/wiem-2016-conference\\\/\",\"name\":\"WIEM 2016 Conference - IBS - Instytut Bada\u0144 Strukturalnych\",\"isPartOf\":{\"@id\":\"https:\\\/\\\/ibs.org.pl\\\/en\\\/#website\"},\"datePublished\":\"2016-06-25T00:03:00+00:00\",\"dateModified\":\"2023-01-30T13:24:29+00:00\",\"breadcrumb\":{\"@id\":\"https:\\\/\\\/ibs.org.pl\\\/en\\\/events\\\/wiem-2016-conference\\\/#breadcrumb\"},\"inLanguage\":\"en-US\",\"potentialAction\":[{\"@type\":\"ReadAction\",\"target\":[\"https:\\\/\\\/ibs.org.pl\\\/en\\\/events\\\/wiem-2016-conference\\\/\"]}]},{\"@type\":\"BreadcrumbList\",\"@id\":\"https:\\\/\\\/ibs.org.pl\\\/en\\\/events\\\/wiem-2016-conference\\\/#breadcrumb\",\"itemListElement\":[{\"@type\":\"ListItem\",\"position\":1,\"name\":\"Home\",\"item\":\"https:\\\/\\\/ibs.org.pl\\\/en\\\/\"},{\"@type\":\"ListItem\",\"position\":2,\"name\":\"WIEM 2016 Conference\"}]},{\"@type\":\"WebSite\",\"@id\":\"https:\\\/\\\/ibs.org.pl\\\/en\\\/#website\",\"url\":\"https:\\\/\\\/ibs.org.pl\\\/en\\\/\",\"name\":\"IBS - Instytut Bada\u0144 Strukturalnych\",\"description\":\"Jeste\u015bmy niezale\u017cn\u0105 fundacj\u0105 naukow\u0105. Prowadzimy badania w obszarze m.in.: rynku pracy, polityki rodzinnej, finans\u00f3w publicznych, energii i klimatu.\",\"potentialAction\":[{\"@type\":\"SearchAction\",\"target\":{\"@type\":\"EntryPoint\",\"urlTemplate\":\"https:\\\/\\\/ibs.org.pl\\\/en\\\/?s={search_term_string}\"},\"query-input\":{\"@type\":\"PropertyValueSpecification\",\"valueRequired\":true,\"valueName\":\"search_term_string\"}}],\"inLanguage\":\"en-US\"}]}<\/script>\n<!-- \/ Yoast SEO plugin. -->","yoast_head_json":{"title":"WIEM 2016 Conference - IBS - Instytut Bada\u0144 Strukturalnych","robots":{"index":"index","follow":"follow","max-snippet":"max-snippet:-1","max-image-preview":"max-image-preview:large","max-video-preview":"max-video-preview:-1"},"canonical":"https:\/\/ibs.org.pl\/en\/events\/wiem-2016-conference\/","og_locale":"en_US","og_type":"article","og_title":"WIEM 2016 Conference - IBS - Instytut Bada\u0144 Strukturalnych","og_description":"The aim of the meeting is the presentation of research findings from around the world. The annual WIEM conferences allow for closer [&hellip;]","og_url":"https:\/\/ibs.org.pl\/en\/events\/wiem-2016-conference\/","og_site_name":"IBS - Instytut Bada\u0144 Strukturalnych","article_modified_time":"2023-01-30T13:24:29+00:00","twitter_card":"summary_large_image","twitter_misc":{"Est. reading time":"2 minutes"},"schema":{"@context":"https:\/\/schema.org","@graph":[{"@type":"WebPage","@id":"https:\/\/ibs.org.pl\/en\/events\/wiem-2016-conference\/","url":"https:\/\/ibs.org.pl\/en\/events\/wiem-2016-conference\/","name":"WIEM 2016 Conference - IBS - Instytut Bada\u0144 Strukturalnych","isPartOf":{"@id":"https:\/\/ibs.org.pl\/en\/#website"},"datePublished":"2016-06-25T00:03:00+00:00","dateModified":"2023-01-30T13:24:29+00:00","breadcrumb":{"@id":"https:\/\/ibs.org.pl\/en\/events\/wiem-2016-conference\/#breadcrumb"},"inLanguage":"en-US","potentialAction":[{"@type":"ReadAction","target":["https:\/\/ibs.org.pl\/en\/events\/wiem-2016-conference\/"]}]},{"@type":"BreadcrumbList","@id":"https:\/\/ibs.org.pl\/en\/events\/wiem-2016-conference\/#breadcrumb","itemListElement":[{"@type":"ListItem","position":1,"name":"Home","item":"https:\/\/ibs.org.pl\/en\/"},{"@type":"ListItem","position":2,"name":"WIEM 2016 Conference"}]},{"@type":"WebSite","@id":"https:\/\/ibs.org.pl\/en\/#website","url":"https:\/\/ibs.org.pl\/en\/","name":"IBS - Instytut Bada\u0144 Strukturalnych","description":"Jeste\u015bmy niezale\u017cn\u0105 fundacj\u0105 naukow\u0105. Prowadzimy badania w obszarze m.in.: rynku pracy, polityki rodzinnej, finans\u00f3w publicznych, energii i klimatu.","potentialAction":[{"@type":"SearchAction","target":{"@type":"EntryPoint","urlTemplate":"https:\/\/ibs.org.pl\/en\/?s={search_term_string}"},"query-input":{"@type":"PropertyValueSpecification","valueRequired":true,"valueName":"search_term_string"}}],"inLanguage":"en-US"}]}},"_links":{"self":[{"href":"https:\/\/ibs.org.pl\/en\/wp-json\/wp\/v2\/events\/10532","targetHints":{"allow":["GET"]}}],"collection":[{"href":"https:\/\/ibs.org.pl\/en\/wp-json\/wp\/v2\/events"}],"about":[{"href":"https:\/\/ibs.org.pl\/en\/wp-json\/wp\/v2\/types\/events"}],"wp:attachment":[{"href":"https:\/\/ibs.org.pl\/en\/wp-json\/wp\/v2\/media?parent=10532"}],"wp:term":[{"taxonomy":"events_category","embeddable":true,"href":"https:\/\/ibs.org.pl\/en\/wp-json\/wp\/v2\/events_category?post=10532"}],"curies":[{"name":"wp","href":"https:\/\/api.w.org\/{rel}","templated":true}]}}

<!-- This site is optimized with the Yoast SEO plugin v27.3 - https://yoast.com/product/yoast-seo-wordpress/ -->
<title>WIEM 2016 Conference - IBS - Instytut Badań Strukturalnych</title>
<meta name="robots" content="index, follow, max-snippet:-1, max-image-preview:large, max-video-preview:-1" />
<link rel="canonical" href="https://ibs.org.pl/en/events/wiem-2016-conference/" />
<meta property="og:locale" content="en_US" />
<meta property="og:type" content="article" />
<meta property="og:title" content="WIEM 2016 Conference - IBS - Instytut Badań Strukturalnych" />
<meta property="og:description" content="The aim of the meeting is the presentation of research findings from around the world. The annual WIEM conferences allow for closer [&hellip;]" />
<meta property="og:url" content="https://ibs.org.pl/en/events/wiem-2016-conference/" />
<meta property="og:site_name" content="IBS - Instytut Badań Strukturalnych" />
<meta property="article:modified_time" content="2023-01-30T13:24:29+00:00" />
<meta name="twitter:card" content="summary_large_image" />
<meta name="twitter:label1" content="Est. reading time" />
	<meta name="twitter:data1" content="2 minutes" />
<script type="application/ld+json" class="yoast-schema-graph">{"@context":"https:\/\/schema.org","@graph":[{"@type":"WebPage","@id":"https:\/\/ibs.org.pl\/en\/events\/wiem-2016-conference\/","url":"https:\/\/ibs.org.pl\/en\/events\/wiem-2016-conference\/","name":"WIEM 2016 Conference - IBS - Instytut Badań Strukturalnych","isPartOf":{"@id":"https:\/\/ibs.org.pl\/en\/#website"},"datePublished":"2016-06-25T00:03:00+00:00","dateModified":"2023-01-30T13:24:29+00:00","breadcrumb":{"@id":"https:\/\/ibs.org.pl\/en\/events\/wiem-2016-conference\/#breadcrumb"},"inLanguage":"en-US","potentialAction":[{"@type":"ReadAction","target":["https:\/\/ibs.org.pl\/en\/events\/wiem-2016-conference\/"]}]},{"@type":"BreadcrumbList","@id":"https:\/\/ibs.org.pl\/en\/events\/wiem-2016-conference\/#breadcrumb","itemListElement":[{"@type":"ListItem","position":1,"name":"Home","item":"https:\/\/ibs.org.pl\/en\/"},{"@type":"ListItem","position":2,"name":"WIEM 2016 Conference"}]},{"@type":"WebSite","@id":"https:\/\/ibs.org.pl\/en\/#website","url":"https:\/\/ibs.org.pl\/en\/","name":"IBS - Instytut Badań Strukturalnych","description":"Jesteśmy niezależną fundacją naukową. Prowadzimy badania w obszarze m.in.: rynku pracy, polityki rodzinnej, finansów publicznych, energii i klimatu.","potentialAction":[{"@type":"SearchAction","target":{"@type":"EntryPoint","urlTemplate":"https:\/\/ibs.org.pl\/en\/?s={search_term_string}"},"query-input":{"@type":"PropertyValueSpecification","valueRequired":true,"valueName":"search_term_string"}}],"inLanguage":"en-US"}]}</script>
<!-- / Yoast SEO plugin. -->

WIEM 2016 Conference - IBS - Instytut Badań Strukturalnych

IBS - Instytut Badań Strukturalnych

Jesteśmy niezależną fundacją naukową. Prowadzimy badania w obszarze m.in.: rynku pracy, polityki rodzinnej, finansów publicznych, energii i klimatu.
